ions digit of 3054731?
3
What is the ten millions digit of 292572051?
9
What is the ten thousands digit of 204457909?
5
What is the tens digit of 56562765?
6
What is the tens digit of 2389374623?
2
What is the thousands digit of 379643555?
3
What is the thousands digit of 4177891683?
1
What is the hundreds digit of 305517114?
1
What is the units digit of 850010002?
2
What is the ten thousands digit of 323903444?
0
What is the units digit of 197187313?
3
What is the ten millions digit of 223330564?
2
What is the millions digit of 65937792?
5
What is the hundred millions digit of 220971532?
2
What is the units digit of 92873836?
6
What is the tens digit of 59613256?
5
What is the millions digit of 1776848?
1
What is the millions digit of 246808818?
6
What is the units digit of 45269055?
5
What is the hundreds digit of 3597987721?
7
What is the tens digit of 152845899?
9
What is the units digit of 131752602?
2
What is the ten millions digit of 438783982?
3
What is the ten millions digit of 67098836?
6
What is the thousands digit of 9254782?
4
What is the ten millions digit of 48454096?
4
What is the thousands digit of 3029148709?
8
What is the tens digit of 74014938?
3
What is the units digit of 32964143?
3
What is the ten thousands digit of 2700199851?
9
What is the hundred millions digit of 167051807?
1
What is the ten millions digit of 860646402?
6
What is the millions digit of 41896514?
1
What is the billions digit of 1064337715?
1
What is the tens digit of 117755998?
9
What is the thousands digit of 3761080030?
0
What is the hundreds digit of 344625172?
1
What is the ten thousands digit of 41237432?
3
What is the units digit of 2636816241?
1
What is the units digit of 504555337?
7
What is the ten millions digit of 163496004?
6
What is the units digit of 531215621?
1
What is the millions digit of 2093923849?
3
What is the hundred thousands digit of 61842275?
8
What is the thousands digit of 69235252?
5
What is the ten thousands digit of 23188811?
8
What is the ten thousands digit of 45315603?
1
What is the ten thousands digit of 237381935?
8
What is the ten thousands digit of 1716705589?
0
What is the units digit of 16226353?
3
What is the ten millions digit of 231770151?
3
What is the ten thousands digit of 296924288?
2
What is the units digit of 134458046?
6
What is the tens digit of 434583091?
9
What is the hundred millions digit of 867697523?
8
What is the hundreds digit of 858418481?
4
What is the units digit of 7782485750?
0
What is the thousands digit of 5855910850?
0
What is the tens digit of 21643011?
1
What is the hundreds digit of 5648097856?
8
What is the units digit of 337416338?
8
What is the hundreds digit of 326573431?
4
What is the tens digit of 1200583178?
7
What is the tens digit of 1983740655?
5
What is the thousands digit of 1803812091?
2
What is the ten millions digit of 182631081?
8
What is the thousands digit of 5682335014?
5
What is the units digit of 953274737?
7
What is the ten millions digit of 1486851003?
8
What is the hundreds digit of 64323180?
1
What is the billions digit of 6779526671?
6
What is the ten millions digit of 3180336071?
8
What is the thousands digit of 16621040?
1
What is the ten thousands digit of 1486282805?
8
What is the millions digit of 1124807298?
4
What is the hundreds digit of 153870160?
1
What is the tens digit of 5880920728?
2
What is the thousands digit of 42006587?
6
What is the units digit of 14066808?
8
What is the ten millions digit of 1100866293?
0
What is the hundred millions digit of 227182096?
2
What is the tens digit of 133985747?
4
What is the hundreds digit of 517776200?
2
What is the tens digit of 64548309?
0
What is the millions digit of 138314561?
8
What is the hundred millions digit of 107948045?
1
What is the millions digit of 7504323074?
4
What is the ten millions digit of 975206353?
7
What is the hundreds digit of 858145462?
4
What is the hundreds digit of 1559247503?
5
What is the ten millions digit of 51829455?
5
What is the thousands digit of 575757029?
7
What is the ten thousands digit of 57517243?
1
What is the ten millions digit of 74917891?
7
What is the tens digit of 120653665?
6
What is the ten millions digit of 27631634?
2
What is the hundred thousands digit of 279382992?
3
What is the hundreds digit of 127879748?
7
What is the hundreds digit of 61916510?
5
What is the hundred millions digit of 2552745940?
5
What is the units digit of 40824793?
3
What is the hundred thousands digit of 5899977?
8
What is the hundreds digit of 20296417?
4
What is the hundreds digit of 241456906?
9
What is the ten thousands digit of 28442619?
4
What is the thousands digit of 589986866?
6
What is the ten millions digit of 20498938?
2
What is the tens digit of 1237070300?
0
What is the ten millions digit of 52994501?
5
What is the tens digit of 4698848585?
8
What is the billions digit of 2370446244?
2
What is the millions digit of 5698737?
5
What is the millions digit of 758072787?
8
What is the millions digit of 24493296?
4
What is the millions digit of 23631479?
3
What is the millions digit of 28897897?
8
What is the hundred millions digit of 315498075?
3
What is the hundreds digit of 1839311338?
3
What is the tens digit of 660903031?
3
What is the billions digit of 2352202386?
2
What is the hundreds digit of 548390851?
8
What is the hundreds digit of 36562982?
9
What is the units digit of 42279739?
9
What is the ten millions digit of 79246595?
7
What is the millions digit of 1544758007?
4
What is the units digit of 388209825?
5
What is the millions digit of 142692404?
2
What is the hundred thousands digit of 2263265086?
2
What is the thousands digit of 227409194?
9
What is the hundred thousands digit of 1359950949?
9
What is the ten millions digit of 1325799463?
2
What is the units digit of 141050802?
2
What is the ten millions digit of 876399969?
7
What is the tens digit of 51460337?
3
What is the tens digit of 100043408?
0
What is the hundreds digit of 101523234?
2
What is the ten millions digit of 610397090?
1
What is the millions digit of 7720780?
7
What is the tens digit of 221081867?
6
What is the millions digit of 43386720?
3
What is the millions digit of 1337108952?
7
What is the hundred thousands digit of 72094765?
0
What is the ten millions digit of 260540635?
6
What is the millions digit of 41417867?
1
What is the hundred thousands digit of 12525227?
5
What is the thousands digit of 81387885?
7
What is the ten thousands digit of 510587011?
8
What is the units digit of 680381344?
4
What is the millions digit of 32228046?
2
What is the thousands digit of 706912577?
2
What is the millions digit of 852385290?
2
What is the hundred millions digit of 277068733?
2
What is the thousands digit of 1458615989?
5
What is the tens digit of 207600899?
9
What is the millions digit of 1786699452?
6
What is the hundreds digit of 7473011046?
0
What is the millions digit of 25311036?
5
What is the hundred millions digit of 956505977?
9
What is the ten millions digit of 665186771?
6
What is the millions digit of 78838183?
8
What is the hundred thousands digit of 1429601571?
6
What is the tens digit of 92801863?
6
What is the hundred thousands digit of 1264756247?
7
What is the ten millions digit of 2538854705?
3
What is the hundred millions digit of 564168064?
5
What is the hundreds digit of 427960815?
8
What is the hundred millions digit of 430864839?
4
What is the tens digit of 1351677620?
2
What is the thousands digit of 77709882?
9
What is the ten millions digit of 2109234903?
0
What is the units digit of 756087443?
3
What is the hundred millions digit of 120858668?
1
What is the tens digit of 276368544?
4
What is the ten thousands digit of 225411491?
1
What is the thousands digit of 825760480?
0
What is the hundreds digit of 638362459?
4
What is the hundred thousands digit of 918209099?
2
What is the hundreds digit of 141537261?
2
What is the hundred thousands digit of 303817881?
8
What is the hundreds digit of 24180616?
6
What is the ten millions digit of 913396124?
1
What is the ten thousands digit of 34791184?
9
What is the hundreds digit of 769122862?
8
What is the tens digit of 135285968?
6
What is the ten thousands digit of 441998184?
9
What is the ten thousands digit of